 is 5 - -56?
62
In base 10, what is -5 - -3478?
3473
In base 6, what is 1 - -1410?
1411
In base 16, what is -2 - 3c?
-3e
In base 9, what is -3 - -701?
687
In base 5, what is -1220 - 4?
-1224
In base 3, what is 202 - 101?
101
In base 13, what is 1 + 116?
117
In base 5, what is 210 + 4?
214
In base 9, what is -64 - 308?
-373
In base 16, what is 3920 + -4?
391c
In base 3, what is 112112212 - -12?
112120001
In base 12, what is 78 - 1?
77
In base 16, what is d - -12?
1f
In base 6, what is 515 - -13?
532
In base 16, what is 1 - 17?
-16
In base 13, what is 2 - 47?
-45
In base 14, what is 12 - 144?
-132
In base 5, what is 0 + -4?
-4
In base 4, what is -313 - -330?
11
In base 9, what is 22 - 50?
-27
In base 5, what is -1 - -213?
212
In base 3, what is 1 + 121?
122
In base 3, what is -101 - -1221202?
1221101
In base 9, what is -4 + 1?
-3
In base 16, what is -4a3 + 3?
-4a0
In base 4, what is -1 - 303?
-310
In base 3, what is 12120 - -1102?
20222
In base 4, what is 110 + -11312?
-11202
In base 16, what is -9 + -25?
-2e
In base 15, what is -2 - -15?
13
In base 5, what is -204 - 4?
-213
In base 8, what is -17 - 264?
-303
In base 2, what is 10 - -111010001?
111010011
In base 4, what is 1121 + 3?
1130
In base 7, what is -5 - 241?
-246
In base 2, what is 1010110 + -1110?
1001000
In base 5, what is 1 - 1341?
-1340
In base 14, what is 0 + b26?
b26
In base 8, what is 525 - 3?
522
In base 13, what is 0 - -164?
164
In base 6, what is 1443 + 3?
1450
In base 9, what is 32 - 6?
25
In base 9, what is 53 - -4?
57
In base 9, what is -12 + 318?
306
In base 6, what is 402 + 1?
403
In base 7, what is 14 - -241?
255
In base 12, what is -1 + 418a?
4189
In base 16, what is 2a1 + -b?
296
In base 9, what is 801 + 32?
833
In base 9, what is 584 - -12?
606
In base 7, what is -15 + -1352?
-1400
In base 11, what is 30 + -78?
-48
In base 7, what is 5414 - -4?
5421
In base 2, what is 1 - 11100?
-11011
In base 16, what is -666 + 0?
-666
In base 2, what is 0 - 11010011100?
-11010011100
In base 8, what is -7 - 2?
-11
In base 8, what is 623 - -3?
626
In base 10, what is 264 + -4?
260
In base 9, what is -123 + -12?
-135
In base 7, what is 356 + 45?
434
In base 16, what is -5 - 2b?
-30
In base 9, what is -15538 - 0?
-15538
In base 15, what is -2 - -3c2?
3c0
In base 6, what is 1 + 2322?
2323
In base 16, what is f - -17?
26
In base 14, what is 10 + a?
1a
In base 4, what is -111 + -2230?
-3001
In base 13, what is 189 + 0?
189
In base 4, what is 1001 + -3?
332
In base 5, what is -10 + 4142?
4132
In base 9, what is -4 - -13?
8
In base 11, what is 111a - -2?
1121
In base 16, what is -154 + 2?
-152
In base 15, what is 112 - 2?
110
In base 9, what is 1 - -462?
463
In base 12, what is 7 + -24?
-19
In base 9, what is -78 + 13?
-65
In base 14, what is 1a + -2?
18
In base 3, what is 11012122 - 11?
11012111
In base 2, what is 10110100010111 + 1?
10110100011000
In base 4, what is -1130 + 2?
-1122
In base 2, what is 11111010011 + -101?
11111001110
In base 13, what is -1b + -5a?
-78
In base 7, what is 2 + 245?
250
In base 10, what is -1 + -136?
-137
In base 2, what is -1111101 + 10?
-1111011
In base 8, what is 407 - 4?
403
In base 7, what is 5 - -435?
443
In base 2, what is -1001 + 110100?
101011
In base 3, what is -111 - -1202?
1021
In base 8, what is -5 - 7?
-14
In base 4, what is 1120 - -1?
1121
In base 3, what is -10 - 11011010?
-11011020
In base 12, what is 4a - 4?
46
In base 3, what is 12200 + -1110?
11020
In base 4, what is -13 + -301213?
-301232
In base 9, what is 127 + 131?
258
In base 4, what is 2131 - 22?
2103
In base 13, what is -11 - -203?
1c2
In base 9, what is -16 + 32?
15
In base 2, what is -1010 - 10000?
-11010
In base 15, what is -357 - -b?
-34b
In base 11, what is a + -4?
6
In base 15, what is -112 + 3?
-10e
In base 5, what is 4 + 1223?
1232
In base 16, what is 4 - -86?
8a
In base 4, what is 301 + 0?
301
In base 4, what is 2 + 1123?
1131
In base 15, what is 12b23 - -4?
12b27
In base 3, what is 12 + 21?
110
In base 16, what is 30b2 - 1?
30b1
In base 2, what is 110 - -11010?
100000
In base 9, what is -123 - 2?
-125
In base 7, what is -4 - -2523?
2516
In base 11, what is 3a0 + 19?
409
In base 15, what is -40 - 6?
-46
In base 14, what is -2 - 23?
-25
In base 7, what is 3 - 222?
-216
In base 4, what is -103 + -102?
-211
In base 11, what is 6889 - 1?
6888
In base 11, what is 0 - -8?
8
In base 13, what is 35 + -16?
1c
In base 8, what is 3 - 252?
-247
In base 16, what is 1 - -3c?
3d
In base 4, what is 203311 - -10?
203321
In base 2, what is -101011 - -10111?
-10100
In base 9, what is 11 + 435?
446
In base 3, what is 1200 + 11?
1211
In base 3, what is 1101 - 12?
1012
In base 3, what is 1022 - 1001222?
-1000200
In base 14, what is 2b - 42?
-15
In base 16, what is 2 + fa?
fc
In base 3, what is 10210 + -22?
10111
In base 15, what is ee78 - -3?
ee7b
In base 11, what is -3006 + 2?
-3004
In base 12, what is -1 + b?
a
In base 10, what is 3 - 156?
-153
In base 12, what is -7 - 128?
-133
In base 16, what is -68 + 3?
-65
In base 8, what is -1277 - 1?
-1300
In base 16, what is -f + 89?
7a
In base 14, what is 3 + -17?
-14
In base 16, what is -1e9c - 2?
-1e9e
In base 14, what is 5 + -b0?
-a9
In base 12, what is -1a - -b?
-b
In base 10, what is 92 + 12?
104
In base 12, what is -7 + 82?
77
In base 6, what is 11010 - -5?
11015
In base 9, what is 1 + 88?
100
In base 5, what is -2314 - 1?
-2320
In base 13, what is 4 + a?
11
In base 2, what is 100000001110111 + -10?
100000001110101
In base 13, what is -153 - 5?
-158
In base 10, what is -2246 + -1?
-2247
In base 6, what is 133320 + -1?
133315
In base 10, what is 1225 - 5?
1220
In base 14, what is 2 - -3?
5
In base 4, what is -12 - 1102?
-1120
In base 2, what is 11111010110 - 0?
11111010110
In base 14, what is a5 - 3?
a2
In base 14, what is -4 - 22b?
-231
In base 12, what is -9 + a09?
a00
In base 9, what is -10418 + 1?
-10417
In base 13, what is -5b - -1?
-5a
In base 6, what is -4 + 21512?
21504
In base 5, what is -1140 - -3?
-1132
In base 2, what is 100100001 + 11110?
100111111
In base 5, what is -44 - -2122?
2023
In base 7, what is 3 - -56?
62
In base 16, what is -6 + -d?
-13
In base 10, what is 3 - -1565?
1568
In base 2, what is -111010 + 100?
-110110
In base 12, what is -7 + 4b?
44
In base 13, what is -8241 - -2?
-823c
In base 8, what is 7 + 464?
473
In base 6, what is 0 + 14131?
14131
In base 9, what is -65 - -65?
0
In base 7, what is 1 + -1465?
-1464
In base 11, what is 25 + 6?
30
In base 2, what is -11011 + -1010010001?
-1010101100
In base 12, what is 3 + -63?
-60
In base 6, what is -5 - -1422?
1413
In base 2, what is 11 + 1001101101?
1001110000
In base 9, what is 13 + 4?
17
In base 16, what is -383 + -1?
-384
In base 3, what is -1021 + 1002?
-12
In base 15, what is d - 13?
-5
In base 5, what is -144002 - -1?
-144001
In base 14, what is -4aa - 0?
-4aa
In base 2, what is -100001010 - -100?
-100000110
In base 2, what is 0 - -1011?
1011
In base 14, what is 8 - -1c?
26
In base 2, what is 100010 - 100?
11110
In base 8, what is 161 - -4?
165
In base 15, what is 2be - 2b?
293
In base 12, what is -43a + -1?
-43b
In base 15, what is -3 + -302?
-305
In base 13, what is 22 + -6?
19
In base 14, what is 9c - -56?
114
In base 5, what is -210 + 23?
-132
In base 9, what is -2233 - -2?
-2231
In base 11, what is -111 + 89?
-33
In base 3, what is 1120 + 1?
1121
In base 10, what is -3 + -249?
-252
In base 14, what is 5 + 62?
67
In base 16, what is -39 + 21?
-18
In base 8, what is -3224 + -4?
-3230
In base 14, what is -4 - 1a?
-20
In base 16, what is 6c + -4?
68
In base 4, what is -1 - -1110?
1103
In base 12, what is -11b - -4?
-117
In base 16, what is 4 - -2c4?
2c8
In base 16, what is 1 - -1ab?
1ac
In base 12, what is 46 - 4?
42
In base 16, what is 1e4 - 19?
1cb
In base 11, what is 5 + 17?
21
In base 9, what is -53 + -185?
-248
In base 12, what is 4 - -1219?
1221
In base 16, what is -2d - -17a?
14d
In base 11, what is 32 - 53?
-21
In base 3, what is 20 + -12010?
-11220
In base 10, what is 5 - -3?
8
In base 12, what is 23 + 14?
37
In base 11, what is -1 - -21?
20
In base 13, what is a - -37?
44
In base 10, what is 6 - 879?
-873
In base 12, what is 3a8 - -11?
3b9
In base 4, what is -2311 - -2?
-2303
In base 5, what is 0 - 2410?
-2410
In base 2, what is -110101 + 1011?
-101010
